9 and 927.
103
What is the highest common divisor of 62843 and 17533?
197
Calculate the greatest common divisor of 281880 and 40.
40
Calculate the highest common divisor of 13 and 261677.
13
What is the highest common divisor of 76398 and 1190?
238
Calculate the highest common divisor of 366 and 6456.
6
What is the greatest common divisor of 8 and 2303512?
8
What is the greatest common divisor of 2988 and 423?
9
What is the highest common factor of 4732 and 20982?
26
What is the highest common factor of 18 and 650718?
18
What is the highest common factor of 826 and 340784?
118
What is the highest common factor of 1908292 and 4?
4
Calculate the highest common factor of 3236318 and 844.
422
What is the greatest common divisor of 8 and 1145532?
4
Calculate the greatest common divisor of 44195 and 5.
5
Calculate the greatest common divisor of 6588 and 534.
6
What is the highest common factor of 400 and 13725?
25
Calculate the greatest common factor of 73063 and 1.
1
Calculate the greatest common factor of 475742 and 254.
254
Calculate the greatest common factor of 3520071 and 3672.
459
What is the greatest common factor of 37297 and 26?
13
What is the greatest common divisor of 290 and 32915?
145
What is the greatest common factor of 3451 and 23171?
493
What is the highest common factor of 200824 and 416?
104
What is the highest common factor of 201 and 108741?
201
Calculate the highest common divisor of 157942 and 27632.
314
Calculate the highest common factor of 2592 and 63.
9
Calculate the highest common divisor of 12050 and 1450.
50
Calculate the greatest common divisor of 20202 and 310245.
1443
Calculate the highest common factor of 13210 and 640.
10
What is the highest common divisor of 26 and 334165?
13
What is the highest common factor of 459575 and 1186?
593
Calculate the greatest common factor of 9320 and 24.
8
Calculate the highest common factor of 11712 and 3816.
24
What is the greatest common divisor of 11556 and 15876?
108
Calculate the greatest common factor of 12140 and 110.
10
Calculate the greatest common factor of 28408 and 4558.
106
What is the greatest common factor of 2580 and 18740?
20
What is the greatest common factor of 214 and 1310536?
214
What is the highest common factor of 408024 and 90?
18
Calculate the highest common divisor of 30 and 895540.
10
What is the greatest common factor of 4065 and 4545?
15
Calculate the greatest common factor of 180 and 409635.
45
What is the highest common factor of 7817 and 1?
1
Calculate the greatest common factor of 40 and 3635.
5
What is the highest common divisor of 53620 and 1974?
14
Calculate the greatest common factor of 960790 and 200.
10
What is the highest common factor of 56270 and 1870?
170
Calculate the greatest common factor of 3105 and 1485.
135
What is the highest common divisor of 41 and 18737?
41
Calculate the highest common divisor of 4368 and 273.
273
Calculate the greatest common divisor of 353294 and 119.
17
What is the highest common divisor of 118125 and 324?
27
Calculate the highest common divisor of 221898 and 1581.
93
What is the greatest common divisor of 5511 and 8517?
501
What is the highest common factor of 17296 and 207?
23
What is the greatest common factor of 810930 and 120?
30
What is the greatest common divisor of 168462 and 89082?
882
What is the greatest common divisor of 3994368 and 126?
42
Calculate the greatest common divisor of 421434 and 702.
234
What is the greatest common divisor of 2057 and 2788?
17
What is the highest common factor of 87295 and 5530?
395
What is the highest common divisor of 1080 and 64395?
135
What is the greatest common factor of 588 and 128919?
147
Calculate the greatest common factor of 11949 and 7.
7
Calculate the highest common divisor of 31533 and 3151.
23
Calculate the greatest common factor of 54195 and 2850.
15
Calculate the greatest common factor of 1728 and 2752.
64
Calculate the greatest common factor of 3466809 and 1359.
1359
Calculate the highest common divisor of 43 and 64070.
43
Calculate the highest common divisor of 15630527 and 1441.
1441
What is the highest common factor of 50 and 5508550?
50
What is the highest common factor of 202815 and 45?
45
What is the highest common factor of 189 and 40761?
63
What is the highest common divisor of 8415 and 1726010?
935
Calculate the highest common factor of 78683 and 506.
253
What is the greatest common factor of 594 and 64460?
22
What is the highest common factor of 126 and 55104?
42
Calculate the greatest common factor of 145 and 9005.
5
What is the greatest common divisor of 1314 and 28944?
18
What is the highest common divisor of 776 and 590924?
388
Calculate the highest common factor of 33 and 367653.
33
Calculate the highest common factor of 13193 and 167.
167
Calculate the greatest common factor of 88 and 13343.
11
Calculate the greatest common divisor of 76641 and 2832.
177
What is the highest common divisor of 3430218 and 132?
66
What is the highest common factor of 248 and 40486?
62
What is the highest common divisor of 198403 and 199?
199
What is the highest common divisor of 264 and 107382?
66
Calculate the highest common factor of 2408334 and 174.
174
What is the highest common divisor of 23 and 24587?
23
Calculate the greatest common divisor of 11902 and 506.
22
What is the highest common factor of 82 and 6320?
2
Calculate the highest common divisor of 19888 and 3927.
11
Calculate the highest common factor of 221 and 442.
221
What is the highest common factor of 42 and 528?
6
Calculate the greatest common divisor of 92225 and 93.
31
Calculate the greatest common divisor of 12 and 43198.
2
Calculate the highest common factor of 20832 and 13230.
42
What is the greatest common divisor of 345 and 7005?
15
What is the greatest common factor of 89281 and 133?
19
Calculate the highest common factor of 70600 and 10040.
40
What is the highest common factor of 12120 and 39840?
120
Calculate the greatest common divisor of 1137258 and 230.
46
Calculate the greatest common divisor of 49 and 12432.
7
Calculate the greatest common divisor of 811 and 278.
1
Calculate the greatest common factor of 75504 and 78.
78
Calculate the highest common divisor of 6425 and 1028.
257
What is the highest common divisor of 413 and 167383?
59
What is the highest common divisor of 156 and 1284621?
39
What is the greatest common factor of 7612 and 22?
22
Calculate the highest common divisor of 31 and 1604002.
31
What is the highest common factor of 605 and 1041205?
605
Calculate the highest common divisor of 175 and 41720.
35
Calculate the highest common factor of 635 and 1307846.
127
What is the greatest common factor of 5024 and 67667?
157
Calculate the greatest common divisor of 916 and 29083.
229
What is the highest common divisor of 2355 and 45?
15
Calculate the greatest common divisor of 13357 and 2166.
361
Calculate the greatest common divisor of 920 and 21735.
115
What is the greatest common divisor of 4 and 1604?
4
Calculate the greatest common divisor of 26 and 12623.
13
Calculate the greatest common factor of 5276490 and 190.
190
What is the highest common divisor of 2308 and 20?
4
What is the greatest common factor of 17273 and 4531?
23
Calculate the highest common divisor of 92573 and 13.
13
Calculate the greatest common factor of 304325 and 275.
25
What is the highest common factor of 436 and 88290?
218
What is the greatest common factor of 48 and 4709820?
12
Calculate the greatest common divisor of 5736 and 264.
24
What is the highest common divisor of 56 and 85820?
28
Calculate the highest common divisor of 8614 and 2360.
118
What is the greatest common divisor of 2923808 and 32?
32
What is the highest common divisor of 164664 and 648?
72
Calculate the highest common factor of 92536 and 16.
8
What is the highest common factor of 2112 and 2256?
48
What is the highest common factor of 118665 and 55?
5
What is the highest common factor of 573488 and 2920?
584
Calculate the highest common divisor of 253264 and 208.
16
What is the highest common factor of 929989 and 47?
47
What is the highest common divisor of 51054 and 3417?
201
What is the highest common divisor of 17296 and 10152?
376
What is the highest common divisor of 4183 and 3901?
47
Calculate the highest co